{"id":77,"date":"2019-07-16T16:31:01","date_gmt":"2019-07-16T14:31:01","guid":{"rendered":"https:\/\/msz-bau.zaft-dresden.de\/?page_id=77"},"modified":"2024-01-24T14:17:08","modified_gmt":"2024-01-24T13:17:08","slug":"gymnasien","status":"publish","type":"page","link":"https:\/\/mz-bau.zaft-dresden.de\/index.php\/gymnasien\/","title":{"rendered":"Gymnasien"},"content":{"rendered":"<p>&nbsp;<\/p>\n<p><img decoding=\"async\" class=\"aligncenter size-full wp-image-1597 lazyload\" data-src=\"https:\/\/mz-bau.zaft-dresden.de\/wp-content\/uploads\/2024\/01\/mz_irrweg_gymn-1.png\" alt=\"\" width=\"568\" height=\"181\" data-srcset=\"https:\/\/mz-bau.zaft-dresden.de\/wp-content\/uploads\/2024\/01\/mz_irrweg_gymn-1.png 568w, https:\/\/mz-bau.zaft-dresden.de\/wp-content\/uploads\/2024\/01\/mz_irrweg_gymn-1-300x96.png 300w\" data-sizes=\"(max-width: 568px) 100vw, 568px\" src=\"data:image\/gif;base64,R0lGODlhAQABAAAAACH5BAEKAAEALAAAAAABAAEAAAICTAEAOw==\" style=\"--smush-placeholder-width: 568px; --smush-placeholder-aspect-ratio: 568\/181;\" \/><\/p>\n<p>Um sich im Dschungel der beruflichen M\u00f6glichkeiten nicht v\u00f6llig zu verirren, ist es notwendig, den jungen Menschen <strong>m\u00f6gliche Wege<\/strong> zu zeigen. Wir arbeiten mit Gymnasien zusammen, um den Sch\u00fclerinnen und Sch\u00fclern die <strong>Berufe des Bausektors<\/strong> n\u00e4her zu beringen. Denn in Frage kommt nur, womit man schon einmal <strong>in Ber\u00fchrung gekommen<\/strong> ist. Wer seine <strong>M\u00f6glichkeiten<\/strong> nicht kennt, kann nur schwer aus dem Vollen sch\u00f6pfen.<\/p>\n<p>Durch die gemeinsame Erarbeitung von Einzelprojekten sowie regelm\u00e4\u00dfigen Veranstaltungen bekommen die Sch\u00fclerinnen und Sch\u00fcler die Gelegenheit, ihr Interessengebiet zu <strong>erweitern<\/strong> und ihre F\u00e4higkeiten neu <strong>auszuloten<\/strong>.<\/p>\n<p>Gern unterst\u00fctzen wir Sie bei der Berufsberatung und ver\u00f6ffentlichen Ihre Anliegen und Vorstellungen im internen Bereich f\u00fcr unsere Studierenden. Auch bez\u00fcglich der Betreuung von Praktika und besondere Lernleistungen helfen wir gern weiter.<\/p>\n<a class=\"maxbutton-1 maxbutton maxbutton-partner\" href=\"\/index.php\/kontakt\/\"><span class='mb-text'>Kontakt aufnehmen<\/span><\/a>\n","protected":false},"excerpt":{"rendered":"<p>&nbsp; Um sich im Dschungel der beruflichen M\u00f6glichkeiten nicht v\u00f6llig zu verirren, ist es notwendig, den jungen Menschen m\u00f6gliche Wege zu zeigen. Wir arbeiten mit Gymnasien zusammen, um den Sch\u00fclerinnen und Sch\u00fclern die Berufe des Bausektors n\u00e4her zu beringen. Denn in Frage kommt nur, womit man schon einmal in Ber\u00fchrung gekommen ist. Wer seine M\u00f6glichkeiten &hellip; <\/p>\n<p class=\"link-more\"><a href=\"https:\/\/mz-bau.zaft-dresden.de\/index.php\/gymnasien\/\" class=\"more-link\"><span class=\"screen-reader-text\">\u201eGymnasien\u201c<\/span> weiterlesen<\/a><\/p>\n","protected":false},"author":1,"featured_media":0,"parent":0,"menu_order":0,"comment_status":"closed","ping_status":"closed","template":"","meta":{"footnotes":""},"yoast_head":"<!-- This site is optimized with the Yoast SEO plugin v22.7 - https:\/\/yoast.com\/wordpress\/plugins\/seo\/ -->\n<title>Gymnasien - MZ Bau<\/title>\n<meta name=\"robots\" content=\"index, follow, max-snippet:-1, max-image-preview:large, max-video-preview:-1\" \/>\n<link rel=\"canonical\" href=\"https:\/\/mz-bau.zaft-dresden.de\/index.php\/gymnasien\/\" \/>\n<meta property=\"og:locale\" content=\"de_DE\" \/>\n<meta property=\"og:type\" content=\"article\" \/>\n<meta property=\"og:title\" content=\"Gymnasien - MZ Bau\" \/>\n<meta property=\"og:description\" content=\"&nbsp; Um sich im Dschungel der beruflichen M\u00f6glichkeiten nicht v\u00f6llig zu verirren, ist es notwendig, den jungen Menschen m\u00f6gliche Wege zu zeigen. Wir arbeiten mit Gymnasien zusammen, um den Sch\u00fclerinnen und Sch\u00fclern die Berufe des Bausektors n\u00e4her zu beringen. Denn in Frage kommt nur, womit man schon einmal in Ber\u00fchrung gekommen ist. Wer seine M\u00f6glichkeiten &hellip; \u201eGymnasien\u201c weiterlesen\" \/>\n<meta property=\"og:url\" content=\"https:\/\/mz-bau.zaft-dresden.de\/index.php\/gymnasien\/\" \/>\n<meta property=\"og:site_name\" content=\"MZ Bau\" \/>\n<meta property=\"article:modified_time\" content=\"2024-01-24T13:17:08+00:00\" \/>\n<meta property=\"og:image\" content=\"https:\/\/mz-bau.zaft-dresden.de\/wp-content\/uploads\/2024\/01\/mz_irrweg_gymn-1.png\" \/>\n<meta name=\"twitter:card\" content=\"summary_large_image\" \/>\n<meta name=\"twitter:label1\" content=\"Gesch\u00e4tzte Lesezeit\" \/>\n\t<meta name=\"twitter:data1\" content=\"1\u00a0Minute\" \/>\n<script type=\"application\/ld+json\" class=\"yoast-schema-graph\">{\"@context\":\"https:\/\/schema.org\",\"@graph\":[{\"@type\":\"WebPage\",\"@id\":\"https:\/\/mz-bau.zaft-dresden.de\/index.php\/gymnasien\/\",\"url\":\"https:\/\/mz-bau.zaft-dresden.de\/index.php\/gymnasien\/\",\"name\":\"Gymnasien - MZ Bau\",\"isPartOf\":{\"@id\":\"https:\/\/mz-bau.zaft-dresden.de\/#website\"},\"primaryImageOfPage\":{\"@id\":\"https:\/\/mz-bau.zaft-dresden.de\/index.php\/gymnasien\/#primaryimage\"},\"image\":{\"@id\":\"https:\/\/mz-bau.zaft-dresden.de\/index.php\/gymnasien\/#primaryimage\"},\"thumbnailUrl\":\"https:\/\/mz-bau.zaft-dresden.de\/wp-content\/uploads\/2024\/01\/mz_irrweg_gymn-1.png\",\"datePublished\":\"2019-07-16T14:31:01+00:00\",\"dateModified\":\"2024-01-24T13:17:08+00:00\",\"breadcrumb\":{\"@id\":\"https:\/\/mz-bau.zaft-dresden.de\/index.php\/gymnasien\/#breadcrumb\"},\"inLanguage\":\"de\",\"potentialAction\":[{\"@type\":\"ReadAction\",\"target\":[\"https:\/\/mz-bau.zaft-dresden.de\/index.php\/gymnasien\/\"]}]},{\"@type\":\"ImageObject\",\"inLanguage\":\"de\",\"@id\":\"https:\/\/mz-bau.zaft-dresden.de\/index.php\/gymnasien\/#primaryimage\",\"url\":\"https:\/\/mz-bau.zaft-dresden.de\/wp-content\/uploads\/2024\/01\/mz_irrweg_gymn-1.png\",\"contentUrl\":\"https:\/\/mz-bau.zaft-dresden.de\/wp-content\/uploads\/2024\/01\/mz_irrweg_gymn-1.png\",\"width\":568,\"height\":181},{\"@type\":\"BreadcrumbList\",\"@id\":\"https:\/\/mz-bau.zaft-dresden.de\/index.php\/gymnasien\/#breadcrumb\",\"itemListElement\":[{\"@type\":\"ListItem\",\"position\":1,\"name\":\"Startseite\",\"item\":\"https:\/\/mz-bau.zaft-dresden.de\/\"},{\"@type\":\"ListItem\",\"position\":2,\"name\":\"Gymnasien\"}]},{\"@type\":\"WebSite\",\"@id\":\"https:\/\/mz-bau.zaft-dresden.de\/#website\",\"url\":\"https:\/\/mz-bau.zaft-dresden.de\/\",\"name\":\"MSZ Bau\",\"description\":\"Mittelstandszentrum Bau Sachsen\",\"publisher\":{\"@id\":\"https:\/\/mz-bau.zaft-dresden.de\/#organization\"},\"potentialAction\":[{\"@type\":\"SearchAction\",\"target\":{\"@type\":\"EntryPoint\",\"urlTemplate\":\"https:\/\/mz-bau.zaft-dresden.de\/?s={search_term_string}\"},\"query-input\":\"required name=search_term_string\"}],\"inLanguage\":\"de\"},{\"@type\":\"Organization\",\"@id\":\"https:\/\/mz-bau.zaft-dresden.de\/#organization\",\"name\":\"Mittelstrandszentrum Bau\",\"url\":\"https:\/\/mz-bau.zaft-dresden.de\/\",\"logo\":{\"@type\":\"ImageObject\",\"inLanguage\":\"de\",\"@id\":\"https:\/\/mz-bau.zaft-dresden.de\/#\/schema\/logo\/image\/\",\"url\":\"https:\/\/msz-bau.zaft-dresden.de\/wp-content\/uploads\/2019\/07\/19-06-28-13-51-06-8614.jpg\",\"contentUrl\":\"https:\/\/msz-bau.zaft-dresden.de\/wp-content\/uploads\/2019\/07\/19-06-28-13-51-06-8614.jpg\",\"width\":3264,\"height\":2448,\"caption\":\"Mittelstrandszentrum Bau\"},\"image\":{\"@id\":\"https:\/\/mz-bau.zaft-dresden.de\/#\/schema\/logo\/image\/\"}}]}<\/script>\n<!-- \/ Yoast SEO plugin. -->","yoast_head_json":{"title":"Gymnasien - MZ Bau","robots":{"index":"index","follow":"follow","max-snippet":"max-snippet:-1","max-image-preview":"max-image-preview:large","max-video-preview":"max-video-preview:-1"},"canonical":"https:\/\/mz-bau.zaft-dresden.de\/index.php\/gymnasien\/","og_locale":"de_DE","og_type":"article","og_title":"Gymnasien - MZ Bau","og_description":"&nbsp; Um sich im Dschungel der beruflichen M\u00f6glichkeiten nicht v\u00f6llig zu verirren, ist es notwendig, den jungen Menschen m\u00f6gliche Wege zu zeigen. Wir arbeiten mit Gymnasien zusammen, um den Sch\u00fclerinnen und Sch\u00fclern die Berufe des Bausektors n\u00e4her zu beringen. Denn in Frage kommt nur, womit man schon einmal in Ber\u00fchrung gekommen ist. Wer seine M\u00f6glichkeiten &hellip; \u201eGymnasien\u201c weiterlesen","og_url":"https:\/\/mz-bau.zaft-dresden.de\/index.php\/gymnasien\/","og_site_name":"MZ Bau","article_modified_time":"2024-01-24T13:17:08+00:00","og_image":[{"url":"https:\/\/mz-bau.zaft-dresden.de\/wp-content\/uploads\/2024\/01\/mz_irrweg_gymn-1.png"}],"twitter_card":"summary_large_image","twitter_misc":{"Gesch\u00e4tzte Lesezeit":"1\u00a0Minute"},"schema":{"@context":"https:\/\/schema.org","@graph":[{"@type":"WebPage","@id":"https:\/\/mz-bau.zaft-dresden.de\/index.php\/gymnasien\/","url":"https:\/\/mz-bau.zaft-dresden.de\/index.php\/gymnasien\/","name":"Gymnasien - MZ Bau","isPartOf":{"@id":"https:\/\/mz-bau.zaft-dresden.de\/#website"},"primaryImageOfPage":{"@id":"https:\/\/mz-bau.zaft-dresden.de\/index.php\/gymnasien\/#primaryimage"},"image":{"@id":"https:\/\/mz-bau.zaft-dresden.de\/index.php\/gymnasien\/#primaryimage"},"thumbnailUrl":"https:\/\/mz-bau.zaft-dresden.de\/wp-content\/uploads\/2024\/01\/mz_irrweg_gymn-1.png","datePublished":"2019-07-16T14:31:01+00:00","dateModified":"2024-01-24T13:17:08+00:00","breadcrumb":{"@id":"https:\/\/mz-bau.zaft-dresden.de\/index.php\/gymnasien\/#breadcrumb"},"inLanguage":"de","potentialAction":[{"@type":"ReadAction","target":["https:\/\/mz-bau.zaft-dresden.de\/index.php\/gymnasien\/"]}]},{"@type":"ImageObject","inLanguage":"de","@id":"https:\/\/mz-bau.zaft-dresden.de\/index.php\/gymnasien\/#primaryimage","url":"https:\/\/mz-bau.zaft-dresden.de\/wp-content\/uploads\/2024\/01\/mz_irrweg_gymn-1.png","contentUrl":"https:\/\/mz-bau.zaft-dresden.de\/wp-content\/uploads\/2024\/01\/mz_irrweg_gymn-1.png","width":568,"height":181},{"@type":"BreadcrumbList","@id":"https:\/\/mz-bau.zaft-dresden.de\/index.php\/gymnasien\/#breadcrumb","itemListElement":[{"@type":"ListItem","position":1,"name":"Startseite","item":"https:\/\/mz-bau.zaft-dresden.de\/"},{"@type":"ListItem","position":2,"name":"Gymnasien"}]},{"@type":"WebSite","@id":"https:\/\/mz-bau.zaft-dresden.de\/#website","url":"https:\/\/mz-bau.zaft-dresden.de\/","name":"MSZ Bau","description":"Mittelstandszentrum Bau Sachsen","publisher":{"@id":"https:\/\/mz-bau.zaft-dresden.de\/#organization"},"potentialAction":[{"@type":"SearchAction","target":{"@type":"EntryPoint","urlTemplate":"https:\/\/mz-bau.zaft-dresden.de\/?s={search_term_string}"},"query-input":"required name=search_term_string"}],"inLanguage":"de"},{"@type":"Organization","@id":"https:\/\/mz-bau.zaft-dresden.de\/#organization","name":"Mittelstrandszentrum Bau","url":"https:\/\/mz-bau.zaft-dresden.de\/","logo":{"@type":"ImageObject","inLanguage":"de","@id":"https:\/\/mz-bau.zaft-dresden.de\/#\/schema\/logo\/image\/","url":"https:\/\/msz-bau.zaft-dresden.de\/wp-content\/uploads\/2019\/07\/19-06-28-13-51-06-8614.jpg","contentUrl":"https:\/\/msz-bau.zaft-dresden.de\/wp-content\/uploads\/2019\/07\/19-06-28-13-51-06-8614.jpg","width":3264,"height":2448,"caption":"Mittelstrandszentrum Bau"},"image":{"@id":"https:\/\/mz-bau.zaft-dresden.de\/#\/schema\/logo\/image\/"}}]}},"_links":{"self":[{"href":"https:\/\/mz-bau.zaft-dresden.de\/index.php\/wp-json\/wp\/v2\/pages\/77"}],"collection":[{"href":"https:\/\/mz-bau.zaft-dresden.de\/index.php\/wp-json\/wp\/v2\/pages"}],"about":[{"href":"https:\/\/mz-bau.zaft-dresden.de\/index.php\/wp-json\/wp\/v2\/types\/page"}],"author":[{"embeddable":true,"href":"https:\/\/mz-bau.zaft-dresden.de\/index.php\/wp-json\/wp\/v2\/users\/1"}],"replies":[{"embeddable":true,"href":"https:\/\/mz-bau.zaft-dresden.de\/index.php\/wp-json\/wp\/v2\/comments?post=77"}],"version-history":[{"count":9,"href":"https:\/\/mz-bau.zaft-dresden.de\/index.php\/wp-json\/wp\/v2\/pages\/77\/revisions"}],"predecessor-version":[{"id":1599,"href":"https:\/\/mz-bau.zaft-dresden.de\/index.php\/wp-json\/wp\/v2\/pages\/77\/revisions\/1599"}],"wp:attachment":[{"href":"https:\/\/mz-bau.zaft-dresden.de\/index.php\/wp-json\/wp\/v2\/media?parent=77"}],"curies":[{"name":"wp","href":"https:\/\/api.w.org\/{rel}","templated":true}]}}